{"id":40646,"date":"2026-04-16T06:44:58","date_gmt":"2026-04-16T06:44:58","guid":{"rendered":"https:\/\/avant-age.live\/?post_type=product&#038;p=40646"},"modified":"2026-04-29T12:06:21","modified_gmt":"2026-04-29T12:06:21","slug":"carrello-medico-cabiline-con-2-ripiani-stretti","status":"publish","type":"product","link":"https:\/\/avant-age.live\/it\/produkt\/cabiline-praxiswagen-2-tablare-schmal\/","title":{"rendered":"CabiLine | 2 Schede | sottile"},"content":{"rendered":"<h5>Carrello medico CabIline con 2 ripiani | stretto<\/h5>\n<p>Il carrello per ambulatorio CabiLine con due ripiani stretti \u00e8 una soluzione compatta e versatile per l'uso in ambulatori, centri estetici e terapie. Grazie al suo design sottile, \u00e8 particolarmente adatto per spazi ristretti e ambienti di lavoro flessibili.<\/p>\n<h6>Ripiani stretti per lavorare ottimizzando lo spazio<\/h6>\n<p>I due ripiani stretti offrono spazio sufficiente per dispositivi importanti e materiali di lavoro, senza occupare molto spazio. Ideali per sale di trattamento con spazio limitato.<\/p>\n<h6>Mobile e sicuro in uso<\/h6>\n<p>Le grandi ruote scorrevoli consentono di spostare facilmente il carrello. Grazie alla funzione di frenatura integrata, il carrello medico rimane stabile e sicuro nel luogo di utilizzo desiderato.<\/p>\n<h6>Compatto e versatile<\/h6>\n<p>Grazie alla sua struttura stretta, il carrello di servizio si adatta senza problemi a qualsiasi angolo e pu\u00f2 essere integrato in modo flessibile nelle aree di lavoro esistenti.<\/p>\n<h6>Avviso<\/h6>\n<p>Le illustrazioni possono mostrare equipaggiamenti speciali. Il prezzo indicato si riferisce all'equipaggiamento di base.<\/p>\n<h6>Consegna<\/h6>\n<p>La consegna avviene smontata. \u00c8 possibile una consegna montata opzionale.<\/p>","protected":false},"excerpt":{"rendered":"<p>CabiLine Praxiswagen mit 2 Tablaren | schmal Der CabiLine Praxiswagen mit zwei schmalen Tablaren ist eine kompakte und vielseitige L\u00f6sung f\u00fcr den Einsatz in Praxis, Kosmetik und Therapie. Durch seine schlanke Bauweise eignet er sich besonders f\u00fcr enge R\u00e4ume und flexible Arbeitsumgebungen. Schmale Tablare f\u00fcr platzsparendes Arbeiten Die zwei schmalen Tablare bieten ausreichend Platz f\u00fcr [&hellip;]<\/p>\n","protected":false},"featured_media":40648,"comment_status":"closed","ping_status":"closed","template":"","meta":{"_acf_changed":false},"product_sec":[62],"product_area":[52,51],"product_typ":[],"product_avbl":[102],"versand-ver":[90],"product_brand":[112],"product_cat":[194],"product_tag":[765,756,769,764,758,766,761,767,763,760,768,759,762,757],"class_list":["post-40646","product","type-product","status-publish","has-post-thumbnail","product_sec-einrichtung","product_area-medical","product_area-spa-aesthetic","product_avbl-2-4-wochen-ab-bestelldatum","versand-ver-postversand","product_brand-gharieni","product_cat-geratewagen-trolleys","product_tag-behandlungswagen-schmal","product_tag-cabiline-praxiswagen","product_tag-geratewagen-klein","product_tag-geratewagen-kompakt","product_tag-geratewagen-kosmetik","product_tag-geratewagen-rollen-bremse","product_tag-geratewagen-therapie","product_tag-kosmetik-zubehor-wagen","product_tag-kosmetikstudio-wagen","product_tag-kosmetikwagen-schmal","product_tag-mobiler-praxiswagen","product_tag-praxiswagen-2-tablare","product_tag-praxiswagen-mobil-rollen","product_tag-praxiswagen-schmal","first","instock","featured","taxable","shipping-taxable","purchasable","product-type-simple"],"acf":[],"yoast_head":"<!-- This site is optimized with the Yoast SEO plugin v28.2 - https:\/\/yoast.com\/product\/yoast-seo-wordpress\/ -->\n<title>CabiLine Ger\u00e4te- und Praxiswagen mit 2 schmalen Tablaren<\/title>\n<meta name=\"description\" content=\"Der CabiLine mit 2 schmalen Tablaren ist ein praktischer und vielseitiger Ger\u00e4te- und Praxiswagen, der in jede Ecke passt und \u00fcberall f\u00fcr Ordnung sorgt.\" \/>\n<meta name=\"robots\" content=\"index, follow, max-snippet:-1, max-image-preview:large, max-video-preview:-1\" \/>\n<link rel=\"canonical\" href=\"https:\/\/avant-age.live\/it\/prodotto\/carrello-medico-cabiline-con-2-ripiani-stretti\/\" \/>\n<meta property=\"og:locale\" content=\"it_IT\" \/>\n<meta property=\"og:type\" content=\"article\" \/>\n<meta property=\"og:title\" content=\"CabiLine Ger\u00e4te- und Praxiswagen mit 2 schmalen Tablaren\" \/>\n<meta property=\"og:description\" content=\"Der CabiLine mit 2 schmalen Tablaren ist ein praktischer und vielseitiger Ger\u00e4te- und Praxiswagen, der in jede Ecke passt und \u00fcberall f\u00fcr Ordnung sorgt.\" \/>\n<meta property=\"og:url\" content=\"https:\/\/avant-age.live\/it\/prodotto\/carrello-medico-cabiline-con-2-ripiani-stretti\/\" \/>\n<meta property=\"og:site_name\" content=\"MTR Equipments\" \/>\n<meta property=\"article:modified_time\" content=\"2026-04-29T12:06:21+00:00\" \/>\n<meta property=\"og:image\" content=\"https:\/\/avant-age.live\/wp-content\/uploads\/2026\/04\/cabiline-2-tablare-schmal-629-1000x1000-1.webp\" \/>\n\t<meta property=\"og:image:width\" content=\"1000\" \/>\n\t<meta property=\"og:image:height\" content=\"1000\" \/>\n\t<meta property=\"og:image:type\" content=\"image\/webp\" \/>\n<meta name=\"twitter:card\" content=\"summary_large_image\" \/>\n<meta name=\"twitter:label1\" content=\"Tempo di lettura stimato\" \/>\n\t<meta name=\"twitter:data1\" content=\"1 minuto\" \/>\n<script type=\"application\/ld+json\" class=\"yoast-schema-graph\">{\"@context\":\"https:\\\/\\\/schema.org\",\"@graph\":[{\"@type\":\"WebPage\",\"@id\":\"https:\\\/\\\/avant-age.live\\\/produkt\\\/cabiline-praxiswagen-2-tablare-schmal\\\/\",\"url\":\"https:\\\/\\\/avant-age.live\\\/produkt\\\/cabiline-praxiswagen-2-tablare-schmal\\\/\",\"name\":\"CabiLine Ger\u00e4te- und Praxiswagen mit 2 schmalen Tablaren\",\"isPartOf\":{\"@id\":\"https:\\\/\\\/avant-age.live\\\/#website\"},\"primaryImageOfPage\":{\"@id\":\"https:\\\/\\\/avant-age.live\\\/produkt\\\/cabiline-praxiswagen-2-tablare-schmal\\\/#primaryimage\"},\"image\":{\"@id\":\"https:\\\/\\\/avant-age.live\\\/produkt\\\/cabiline-praxiswagen-2-tablare-schmal\\\/#primaryimage\"},\"thumbnailUrl\":\"https:\\\/\\\/avant-age.live\\\/wp-content\\\/uploads\\\/2026\\\/04\\\/cabiline-2-tablare-schmal-629-1000x1000-1.webp\",\"datePublished\":\"2026-04-16T06:44:58+00:00\",\"dateModified\":\"2026-04-29T12:06:21+00:00\",\"description\":\"Der CabiLine mit 2 schmalen Tablaren ist ein praktischer und vielseitiger Ger\u00e4te- und Praxiswagen, der in jede Ecke passt und \u00fcberall f\u00fcr Ordnung sorgt.\",\"breadcrumb\":{\"@id\":\"https:\\\/\\\/avant-age.live\\\/produkt\\\/cabiline-praxiswagen-2-tablare-schmal\\\/#breadcrumb\"},\"inLanguage\":\"it-IT\",\"potentialAction\":[{\"@type\":\"ReadAction\",\"target\":[\"https:\\\/\\\/avant-age.live\\\/produkt\\\/cabiline-praxiswagen-2-tablare-schmal\\\/\"]}]},{\"@type\":\"ImageObject\",\"inLanguage\":\"it-IT\",\"@id\":\"https:\\\/\\\/avant-age.live\\\/produkt\\\/cabiline-praxiswagen-2-tablare-schmal\\\/#primaryimage\",\"url\":\"https:\\\/\\\/avant-age.live\\\/wp-content\\\/uploads\\\/2026\\\/04\\\/cabiline-2-tablare-schmal-629-1000x1000-1.webp\",\"contentUrl\":\"https:\\\/\\\/avant-age.live\\\/wp-content\\\/uploads\\\/2026\\\/04\\\/cabiline-2-tablare-schmal-629-1000x1000-1.webp\",\"width\":1000,\"height\":1000},{\"@type\":\"BreadcrumbList\",\"@id\":\"https:\\\/\\\/avant-age.live\\\/produkt\\\/cabiline-praxiswagen-2-tablare-schmal\\\/#breadcrumb\",\"itemListElement\":[{\"@type\":\"ListItem\",\"position\":1,\"name\":\"Home\",\"item\":\"https:\\\/\\\/avant-age.live\\\/\"},{\"@type\":\"ListItem\",\"position\":2,\"name\":\"Shop\",\"item\":\"https:\\\/\\\/avant-age.live\\\/shop\\\/\"},{\"@type\":\"ListItem\",\"position\":3,\"name\":\"CabiLine | 2 Tablare | schmal\"}]},{\"@type\":\"WebSite\",\"@id\":\"https:\\\/\\\/avant-age.live\\\/#website\",\"url\":\"https:\\\/\\\/avant-age.live\\\/\",\"name\":\"MTR Equipments\",\"description\":\"\",\"potentialAction\":[{\"@type\":\"SearchAction\",\"target\":{\"@type\":\"EntryPoint\",\"urlTemplate\":\"https:\\\/\\\/avant-age.live\\\/?s={search_term_string}\"},\"query-input\":{\"@type\":\"PropertyValueSpecification\",\"valueRequired\":true,\"valueName\":\"search_term_string\"}}],\"inLanguage\":\"it-IT\"}]}<\/script>\n<!-- \/ Yoast SEO plugin. -->","yoast_head_json":{"title":"CabiLine Ger\u00e4te- und Praxiswagen mit 2 schmalen Tablaren","description":"Der CabiLine mit 2 schmalen Tablaren ist ein praktischer und vielseitiger Ger\u00e4te- und Praxiswagen, der in jede Ecke passt und \u00fcberall f\u00fcr Ordnung sorgt.","robots":{"index":"index","follow":"follow","max-snippet":"max-snippet:-1","max-image-preview":"max-image-preview:large","max-video-preview":"max-video-preview:-1"},"canonical":"https:\/\/avant-age.live\/it\/prodotto\/carrello-medico-cabiline-con-2-ripiani-stretti\/","og_locale":"it_IT","og_type":"article","og_title":"CabiLine Ger\u00e4te- und Praxiswagen mit 2 schmalen Tablaren","og_description":"Der CabiLine mit 2 schmalen Tablaren ist ein praktischer und vielseitiger Ger\u00e4te- und Praxiswagen, der in jede Ecke passt und \u00fcberall f\u00fcr Ordnung sorgt.","og_url":"https:\/\/avant-age.live\/it\/prodotto\/carrello-medico-cabiline-con-2-ripiani-stretti\/","og_site_name":"MTR Equipments","article_modified_time":"2026-04-29T12:06:21+00:00","og_image":[{"width":1000,"height":1000,"url":"https:\/\/avant-age.live\/wp-content\/uploads\/2026\/04\/cabiline-2-tablare-schmal-629-1000x1000-1.webp","type":"image\/webp"}],"twitter_card":"summary_large_image","twitter_misc":{"Tempo di lettura stimato":"1 minuto"},"schema":{"@context":"https:\/\/schema.org","@graph":[{"@type":"WebPage","@id":"https:\/\/avant-age.live\/produkt\/cabiline-praxiswagen-2-tablare-schmal\/","url":"https:\/\/avant-age.live\/produkt\/cabiline-praxiswagen-2-tablare-schmal\/","name":"CabiLine Ger\u00e4te- und Praxiswagen mit 2 schmalen Tablaren","isPartOf":{"@id":"https:\/\/avant-age.live\/#website"},"primaryImageOfPage":{"@id":"https:\/\/avant-age.live\/produkt\/cabiline-praxiswagen-2-tablare-schmal\/#primaryimage"},"image":{"@id":"https:\/\/avant-age.live\/produkt\/cabiline-praxiswagen-2-tablare-schmal\/#primaryimage"},"thumbnailUrl":"https:\/\/avant-age.live\/wp-content\/uploads\/2026\/04\/cabiline-2-tablare-schmal-629-1000x1000-1.webp","datePublished":"2026-04-16T06:44:58+00:00","dateModified":"2026-04-29T12:06:21+00:00","description":"Der CabiLine mit 2 schmalen Tablaren ist ein praktischer und vielseitiger Ger\u00e4te- und Praxiswagen, der in jede Ecke passt und \u00fcberall f\u00fcr Ordnung sorgt.","breadcrumb":{"@id":"https:\/\/avant-age.live\/produkt\/cabiline-praxiswagen-2-tablare-schmal\/#breadcrumb"},"inLanguage":"it-IT","potentialAction":[{"@type":"ReadAction","target":["https:\/\/avant-age.live\/produkt\/cabiline-praxiswagen-2-tablare-schmal\/"]}]},{"@type":"ImageObject","inLanguage":"it-IT","@id":"https:\/\/avant-age.live\/produkt\/cabiline-praxiswagen-2-tablare-schmal\/#primaryimage","url":"https:\/\/avant-age.live\/wp-content\/uploads\/2026\/04\/cabiline-2-tablare-schmal-629-1000x1000-1.webp","contentUrl":"https:\/\/avant-age.live\/wp-content\/uploads\/2026\/04\/cabiline-2-tablare-schmal-629-1000x1000-1.webp","width":1000,"height":1000},{"@type":"BreadcrumbList","@id":"https:\/\/avant-age.live\/produkt\/cabiline-praxiswagen-2-tablare-schmal\/#breadcrumb","itemListElement":[{"@type":"ListItem","position":1,"name":"Home","item":"https:\/\/avant-age.live\/"},{"@type":"ListItem","position":2,"name":"Shop","item":"https:\/\/avant-age.live\/shop\/"},{"@type":"ListItem","position":3,"name":"CabiLine | 2 Tablare | schmal"}]},{"@type":"WebSite","@id":"https:\/\/avant-age.live\/#website","url":"https:\/\/avant-age.live\/","name":"Attrezzature MTR","description":"","potentialAction":[{"@type":"SearchAction","target":{"@type":"EntryPoint","urlTemplate":"https:\/\/avant-age.live\/?s={search_term_string}"},"query-input":{"@type":"PropertyValueSpecification","valueRequired":true,"valueName":"search_term_string"}}],"inLanguage":"it-IT"}]}},"_links":{"self":[{"href":"https:\/\/avant-age.live\/it\/wp-json\/wp\/v2\/product\/40646","targetHints":{"allow":["GET"]}}],"collection":[{"href":"https:\/\/avant-age.live\/it\/wp-json\/wp\/v2\/product"}],"about":[{"href":"https:\/\/avant-age.live\/it\/wp-json\/wp\/v2\/types\/product"}],"replies":[{"embeddable":true,"href":"https:\/\/avant-age.live\/it\/wp-json\/wp\/v2\/comments?post=40646"}],"wp:featuredmedia":[{"embeddable":true,"href":"https:\/\/avant-age.live\/it\/wp-json\/wp\/v2\/media\/40648"}],"wp:attachment":[{"href":"https:\/\/avant-age.live\/it\/wp-json\/wp\/v2\/media?parent=40646"}],"wp:term":[{"taxonomy":"product_sec","embeddable":true,"href":"https:\/\/avant-age.live\/it\/wp-json\/wp\/v2\/product_sec?post=40646"},{"taxonomy":"product_area","embeddable":true,"href":"https:\/\/avant-age.live\/it\/wp-json\/wp\/v2\/product_area?post=40646"},{"taxonomy":"product_typ","embeddable":true,"href":"https:\/\/avant-age.live\/it\/wp-json\/wp\/v2\/product_typ?post=40646"},{"taxonomy":"product_avbl","embeddable":true,"href":"https:\/\/avant-age.live\/it\/wp-json\/wp\/v2\/product_avbl?post=40646"},{"taxonomy":"versand-ver","embeddable":true,"href":"https:\/\/avant-age.live\/it\/wp-json\/wp\/v2\/versand-ver?post=40646"},{"taxonomy":"product_brand","embeddable":true,"href":"https:\/\/avant-age.live\/it\/wp-json\/wp\/v2\/product_brand?post=40646"},{"taxonomy":"product_cat","embeddable":true,"href":"https:\/\/avant-age.live\/it\/wp-json\/wp\/v2\/product_cat?post=40646"},{"taxonomy":"product_tag","embeddable":true,"href":"https:\/\/avant-age.live\/it\/wp-json\/wp\/v2\/product_tag?post=40646"}],"curies":[{"name":"wp","href":"https:\/\/api.w.org\/{rel}","templated":true}]}}

<h5>Carrello medico CabIline con 2 ripiani | stretto</h5>
<p>Il carrello per ambulatorio CabiLine con due ripiani stretti è una soluzione compatta e versatile per l'uso in ambulatori, centri estetici e terapie. Grazie al suo design sottile, è particolarmente adatto per spazi ristretti e ambienti di lavoro flessibili.</p>
<h6>Ripiani stretti per lavorare ottimizzando lo spazio</h6>
<p>I due ripiani stretti offrono spazio sufficiente per dispositivi importanti e materiali di lavoro, senza occupare molto spazio. Ideali per sale di trattamento con spazio limitato.</p>
<h6>Mobile e sicuro in uso</h6>
<p>Le grandi ruote scorrevoli consentono di spostare facilmente il carrello. Grazie alla funzione di frenatura integrata, il carrello medico rimane stabile e sicuro nel luogo di utilizzo desiderato.</p>
<h6>Compatto e versatile</h6>
<p>Grazie alla sua struttura stretta, il carrello di servizio si adatta senza problemi a qualsiasi angolo e può essere integrato in modo flessibile nelle aree di lavoro esistenti.</p>
<h6>Avviso</h6>
<p>Le illustrazioni possono mostrare equipaggiamenti speciali. Il prezzo indicato si riferisce all'equipaggiamento di base.</p>
<h6>Consegna</h6>
<p>La consegna avviene smontata. È possibile una consegna montata opzionale.</p>

<p>CabiLine Praxiswagen mit 2 Tablaren | schmal Der CabiLine Praxiswagen mit zwei schmalen Tablaren ist eine kompakte und vielseitige Lösung für den Einsatz in Praxis, Kosmetik und Therapie. Durch seine schlanke Bauweise eignet er sich besonders für enge Räume und flexible Arbeitsumgebungen. Schmale Tablare für platzsparendes Arbeiten Die zwei schmalen Tablare bieten ausreichend Platz für [&hellip;]</p>

<!-- This site is optimized with the Yoast SEO plugin v28.2 - https://yoast.com/product/yoast-seo-wordpress/ -->
<title>CabiLine Geräte- und Praxiswagen mit 2 schmalen Tablaren</title>
<meta name="description" content="Der CabiLine mit 2 schmalen Tablaren ist ein praktischer und vielseitiger Geräte- und Praxiswagen, der in jede Ecke passt und überall für Ordnung sorgt." />
<meta name="robots" content="index, follow, max-snippet:-1, max-image-preview:large, max-video-preview:-1" />
<link rel="canonical" href="https://avant-age.live/it/prodotto/carrello-medico-cabiline-con-2-ripiani-stretti/" />
<meta property="og:locale" content="it_IT" />
<meta property="og:type" content="article" />
<meta property="og:title" content="CabiLine Geräte- und Praxiswagen mit 2 schmalen Tablaren" />
<meta property="og:description" content="Der CabiLine mit 2 schmalen Tablaren ist ein praktischer und vielseitiger Geräte- und Praxiswagen, der in jede Ecke passt und überall für Ordnung sorgt." />
<meta property="og:url" content="https://avant-age.live/it/prodotto/carrello-medico-cabiline-con-2-ripiani-stretti/" />
<meta property="og:site_name" content="MTR Equipments" />
<meta property="article:modified_time" content="2026-04-29T12:06:21+00:00" />
<meta property="og:image" content="https://avant-age.live/wp-content/uploads/2026/04/cabiline-2-tablare-schmal-629-1000x1000-1.webp" />
	<meta property="og:image:width" content="1000" />
	<meta property="og:image:height" content="1000" />
	<meta property="og:image:type" content="image/webp" />
<meta name="twitter:card" content="summary_large_image" />
<meta name="twitter:label1" content="Tempo di lettura stimato" />
	<meta name="twitter:data1" content="1 minuto" />
<script type="application/ld+json" class="yoast-schema-graph">{"@context":"https:\/\/schema.org","@graph":[{"@type":"WebPage","@id":"https:\/\/avant-age.live\/produkt\/cabiline-praxiswagen-2-tablare-schmal\/","url":"https:\/\/avant-age.live\/produkt\/cabiline-praxiswagen-2-tablare-schmal\/","name":"CabiLine Geräte- und Praxiswagen mit 2 schmalen Tablaren","isPartOf":{"@id":"https:\/\/avant-age.live\/#website"},"primaryImageOfPage":{"@id":"https:\/\/avant-age.live\/produkt\/cabiline-praxiswagen-2-tablare-schmal\/#primaryimage"},"image":{"@id":"https:\/\/avant-age.live\/produkt\/cabiline-praxiswagen-2-tablare-schmal\/#primaryimage"},"thumbnailUrl":"https:\/\/avant-age.live\/wp-content\/uploads\/2026\/04\/cabiline-2-tablare-schmal-629-1000x1000-1.webp","datePublished":"2026-04-16T06:44:58+00:00","dateModified":"2026-04-29T12:06:21+00:00","description":"Der CabiLine mit 2 schmalen Tablaren ist ein praktischer und vielseitiger Geräte- und Praxiswagen, der in jede Ecke passt und überall für Ordnung sorgt.","breadcrumb":{"@id":"https:\/\/avant-age.live\/produkt\/cabiline-praxiswagen-2-tablare-schmal\/#breadcrumb"},"inLanguage":"it-IT","potentialAction":[{"@type":"ReadAction","target":["https:\/\/avant-age.live\/produkt\/cabiline-praxiswagen-2-tablare-schmal\/"]}]},{"@type":"ImageObject","inLanguage":"it-IT","@id":"https:\/\/avant-age.live\/produkt\/cabiline-praxiswagen-2-tablare-schmal\/#primaryimage","url":"https:\/\/avant-age.live\/wp-content\/uploads\/2026\/04\/cabiline-2-tablare-schmal-629-1000x1000-1.webp","contentUrl":"https:\/\/avant-age.live\/wp-content\/uploads\/2026\/04\/cabiline-2-tablare-schmal-629-1000x1000-1.webp","width":1000,"height":1000},{"@type":"BreadcrumbList","@id":"https:\/\/avant-age.live\/produkt\/cabiline-praxiswagen-2-tablare-schmal\/#breadcrumb","itemListElement":[{"@type":"ListItem","position":1,"name":"Home","item":"https:\/\/avant-age.live\/"},{"@type":"ListItem","position":2,"name":"Shop","item":"https:\/\/avant-age.live\/shop\/"},{"@type":"ListItem","position":3,"name":"CabiLine | 2 Tablare | schmal"}]},{"@type":"WebSite","@id":"https:\/\/avant-age.live\/#website","url":"https:\/\/avant-age.live\/","name":"MTR Equipments","description":"","potentialAction":[{"@type":"SearchAction","target":{"@type":"EntryPoint","urlTemplate":"https:\/\/avant-age.live\/?s={search_term_string}"},"query-input":{"@type":"PropertyValueSpecification","valueRequired":true,"valueName":"search_term_string"}}],"inLanguage":"it-IT"}]}</script>
<!-- / Yoast SEO plugin. -->

CabiLine Geräte- und Praxiswagen mit 2 schmalen Tablaren

Der CabiLine mit 2 schmalen Tablaren ist ein praktischer und vielseitiger Geräte- und Praxiswagen, der in jede Ecke passt und überall für Ordnung sorgt.
