{"id":5572,"date":"2025-10-10T08:56:54","date_gmt":"2025-10-10T08:56:54","guid":{"rendered":"https:\/\/avant-age.live\/?post_type=product&#038;p=5572"},"modified":"2026-04-29T12:08:13","modified_gmt":"2026-04-29T12:08:13","slug":"cabiline-praxiswagen-2-tablare-breit","status":"publish","type":"product","link":"https:\/\/avant-age.live\/fr\/produkt\/cabiline-praxiswagen-2-tablare-breit\/","title":{"rendered":"CabiLine | 2 \u00e9tag\u00e8res | large"},"content":{"rendered":"<h5>CabiLine Praxiswagen mit 2 Tablaren | breit<\/h5>\n<p>Der CabiLine Praxiswagen mit zwei breiten Tablaren ist eine praktische und vielseitige L\u00f6sung f\u00fcr den Einsatz in Praxis, Kosmetik und Therapie. Dank seiner kompakten Bauweise passt er auch in kleinere R\u00e4ume und bietet gleichzeitig ausreichend Ablagefl\u00e4che f\u00fcr Ger\u00e4te und Arbeitsmaterialien.<\/p>\n<h6>Praxiswagen mit zwei grossz\u00fcgigen Tablaren<\/h6>\n<p>Die zwei breiten Tablare bieten gen\u00fcgend Platz f\u00fcr Ger\u00e4te, Produkte und Zubeh\u00f6r und unterst\u00fctzen einen strukturierten Arbeitsablauf.<\/p>\n<h6>Mobile et s\u00fbr en op\u00e9ration<\/h6>\n<p>Die grossen Leichtlaufrollen erm\u00f6glichen ein einfaches Verschieben des Wagens. Dank integrierter Bremsfunktion steht der Praxiswagen sicher am gew\u00fcnschten Einsatzort.<\/p>\n<h6>Flexibel erweiterbar<\/h6>\n<p>Der Wagen kann optional mit einer Schublade erg\u00e4nzt werden. Diese ist nicht im Standard-Lieferumfang enthalten.<\/p>\n<h6>Livraison<\/h6>\n<p>La livraison est effectu\u00e9e non mont\u00e9e. Une livraison mont\u00e9e est possible en option.<\/p>","protected":false},"excerpt":{"rendered":"<p>CabiLine Praxiswagen mit 2 Tablaren | breit Der CabiLine Praxiswagen mit zwei breiten Tablaren ist eine praktische und vielseitige L\u00f6sung f\u00fcr den Einsatz in Praxis, Kosmetik und Therapie. Dank seiner kompakten Bauweise passt er auch in kleinere R\u00e4ume und bietet gleichzeitig ausreichend Ablagefl\u00e4che f\u00fcr Ger\u00e4te und Arbeitsmaterialien. Praxiswagen mit zwei grossz\u00fcgigen Tablaren Die zwei breiten [&hellip;]<\/p>\n","protected":false},"featured_media":5575,"comment_status":"closed","ping_status":"closed","template":"","meta":{"_acf_changed":false},"product_sec":[62],"product_area":[52,51],"product_typ":[],"product_avbl":[102],"versand-ver":[90],"product_brand":[112],"product_cat":[194],"product_tag":[773,756,772,758,766,761,767,763,771,768,759,770,762],"class_list":["post-5572","product","type-product","status-publish","has-post-thumbnail","product_sec-einrichtung","product_area-medical","product_area-spa-aesthetic","product_avbl-2-4-wochen-ab-bestelldatum","versand-ver-postversand","product_brand-gharieni","product_cat-geratewagen-trolleys","product_tag-behandlungswagen-breit","product_tag-cabiline-praxiswagen","product_tag-geratewagen-gross","product_tag-geratewagen-kosmetik","product_tag-geratewagen-rollen-bremse","product_tag-geratewagen-therapie","product_tag-kosmetik-zubehor-wagen","product_tag-kosmetikstudio-wagen","product_tag-kosmetikwagen-breit","product_tag-mobiler-praxiswagen","product_tag-praxiswagen-2-tablare","product_tag-praxiswagen-breit","product_tag-praxiswagen-mobil-rollen","first","instock","featured","taxable","shipping-taxable","purchasable","product-type-simple"],"acf":[],"yoast_head":"<!-- This site is optimized with the Yoast SEO plugin v28.2 - https:\/\/yoast.com\/product\/yoast-seo-wordpress\/ -->\n<title>CabiLine Trolley mit 3 breiten Tablaren - Ger\u00e4tewagen<\/title>\n<meta name=\"description\" content=\"Der CabiLine mit 3 breiten Tablaren ist ein praktischer und vielseitiger Ger\u00e4tewagen mit viel Staurraum. Ein Praxiswagen, der in jede Ecke passt.\" \/>\n<meta name=\"robots\" content=\"index, follow, max-snippet:-1, max-image-preview:large, max-video-preview:-1\" \/>\n<link rel=\"canonical\" href=\"https:\/\/avant-age.live\/fr\/produit\/cabiline-praxiswagen-2-tablare-breit\/\" \/>\n<meta property=\"og:locale\" content=\"fr_FR\" \/>\n<meta property=\"og:type\" content=\"article\" \/>\n<meta property=\"og:title\" content=\"CabiLine Trolley mit 3 breiten Tablaren - Ger\u00e4tewagen\" \/>\n<meta property=\"og:description\" content=\"Der CabiLine mit 3 breiten Tablaren ist ein praktischer und vielseitiger Ger\u00e4tewagen mit viel Staurraum. Ein Praxiswagen, der in jede Ecke passt.\" \/>\n<meta property=\"og:url\" content=\"https:\/\/avant-age.live\/fr\/produit\/cabiline-praxiswagen-2-tablare-breit\/\" \/>\n<meta property=\"og:site_name\" content=\"MTR Equipments\" \/>\n<meta property=\"article:modified_time\" content=\"2026-04-29T12:08:13+00:00\" \/>\n<meta property=\"og:image\" content=\"https:\/\/avant-age.live\/wp-content\/uploads\/2025\/10\/cabiline-2-tablare-breit-631-1000x1000-1.webp\" \/>\n\t<meta property=\"og:image:width\" content=\"1000\" \/>\n\t<meta property=\"og:image:height\" content=\"1000\" \/>\n\t<meta property=\"og:image:type\" content=\"image\/webp\" \/>\n<meta name=\"twitter:card\" content=\"summary_large_image\" \/>\n<meta name=\"twitter:label1\" content=\"Dur\u00e9e de lecture estim\u00e9e\" \/>\n\t<meta name=\"twitter:data1\" content=\"1 minute\" \/>\n<script type=\"application\/ld+json\" class=\"yoast-schema-graph\">{\"@context\":\"https:\\\/\\\/schema.org\",\"@graph\":[{\"@type\":\"WebPage\",\"@id\":\"https:\\\/\\\/avant-age.live\\\/produkt\\\/cabiline-praxiswagen-2-tablare-breit\\\/\",\"url\":\"https:\\\/\\\/avant-age.live\\\/produkt\\\/cabiline-praxiswagen-2-tablare-breit\\\/\",\"name\":\"CabiLine Trolley mit 3 breiten Tablaren - Ger\u00e4tewagen\",\"isPartOf\":{\"@id\":\"https:\\\/\\\/avant-age.live\\\/#website\"},\"primaryImageOfPage\":{\"@id\":\"https:\\\/\\\/avant-age.live\\\/produkt\\\/cabiline-praxiswagen-2-tablare-breit\\\/#primaryimage\"},\"image\":{\"@id\":\"https:\\\/\\\/avant-age.live\\\/produkt\\\/cabiline-praxiswagen-2-tablare-breit\\\/#primaryimage\"},\"thumbnailUrl\":\"https:\\\/\\\/avant-age.live\\\/wp-content\\\/uploads\\\/2025\\\/10\\\/cabiline-2-tablare-breit-631-1000x1000-1.webp\",\"datePublished\":\"2025-10-10T08:56:54+00:00\",\"dateModified\":\"2026-04-29T12:08:13+00:00\",\"description\":\"Der CabiLine mit 3 breiten Tablaren ist ein praktischer und vielseitiger Ger\u00e4tewagen mit viel Staurraum. Ein Praxiswagen, der in jede Ecke passt.\",\"breadcrumb\":{\"@id\":\"https:\\\/\\\/avant-age.live\\\/produkt\\\/cabiline-praxiswagen-2-tablare-breit\\\/#breadcrumb\"},\"inLanguage\":\"fr-FR\",\"potentialAction\":[{\"@type\":\"ReadAction\",\"target\":[\"https:\\\/\\\/avant-age.live\\\/produkt\\\/cabiline-praxiswagen-2-tablare-breit\\\/\"]}]},{\"@type\":\"ImageObject\",\"inLanguage\":\"fr-FR\",\"@id\":\"https:\\\/\\\/avant-age.live\\\/produkt\\\/cabiline-praxiswagen-2-tablare-breit\\\/#primaryimage\",\"url\":\"https:\\\/\\\/avant-age.live\\\/wp-content\\\/uploads\\\/2025\\\/10\\\/cabiline-2-tablare-breit-631-1000x1000-1.webp\",\"contentUrl\":\"https:\\\/\\\/avant-age.live\\\/wp-content\\\/uploads\\\/2025\\\/10\\\/cabiline-2-tablare-breit-631-1000x1000-1.webp\",\"width\":1000,\"height\":1000},{\"@type\":\"BreadcrumbList\",\"@id\":\"https:\\\/\\\/avant-age.live\\\/produkt\\\/cabiline-praxiswagen-2-tablare-breit\\\/#breadcrumb\",\"itemListElement\":[{\"@type\":\"ListItem\",\"position\":1,\"name\":\"Home\",\"item\":\"https:\\\/\\\/avant-age.live\\\/\"},{\"@type\":\"ListItem\",\"position\":2,\"name\":\"Shop\",\"item\":\"https:\\\/\\\/avant-age.live\\\/shop\\\/\"},{\"@type\":\"ListItem\",\"position\":3,\"name\":\"CabiLine | 2 Tablare | breit\"}]},{\"@type\":\"WebSite\",\"@id\":\"https:\\\/\\\/avant-age.live\\\/#website\",\"url\":\"https:\\\/\\\/avant-age.live\\\/\",\"name\":\"MTR Equipments\",\"description\":\"\",\"potentialAction\":[{\"@type\":\"SearchAction\",\"target\":{\"@type\":\"EntryPoint\",\"urlTemplate\":\"https:\\\/\\\/avant-age.live\\\/?s={search_term_string}\"},\"query-input\":{\"@type\":\"PropertyValueSpecification\",\"valueRequired\":true,\"valueName\":\"search_term_string\"}}],\"inLanguage\":\"fr-FR\"}]}<\/script>\n<!-- \/ Yoast SEO plugin. -->","yoast_head_json":{"title":"CabiLine Trolley mit 3 breiten Tablaren - Ger\u00e4tewagen","description":"Der CabiLine mit 3 breiten Tablaren ist ein praktischer und vielseitiger Ger\u00e4tewagen mit viel Staurraum. Ein Praxiswagen, der in jede Ecke passt.","robots":{"index":"index","follow":"follow","max-snippet":"max-snippet:-1","max-image-preview":"max-image-preview:large","max-video-preview":"max-video-preview:-1"},"canonical":"https:\/\/avant-age.live\/fr\/produit\/cabiline-praxiswagen-2-tablare-breit\/","og_locale":"fr_FR","og_type":"article","og_title":"CabiLine Trolley mit 3 breiten Tablaren - Ger\u00e4tewagen","og_description":"Der CabiLine mit 3 breiten Tablaren ist ein praktischer und vielseitiger Ger\u00e4tewagen mit viel Staurraum. Ein Praxiswagen, der in jede Ecke passt.","og_url":"https:\/\/avant-age.live\/fr\/produit\/cabiline-praxiswagen-2-tablare-breit\/","og_site_name":"MTR Equipments","article_modified_time":"2026-04-29T12:08:13+00:00","og_image":[{"width":1000,"height":1000,"url":"https:\/\/avant-age.live\/wp-content\/uploads\/2025\/10\/cabiline-2-tablare-breit-631-1000x1000-1.webp","type":"image\/webp"}],"twitter_card":"summary_large_image","twitter_misc":{"Dur\u00e9e de lecture estim\u00e9e":"1 minute"},"schema":{"@context":"https:\/\/schema.org","@graph":[{"@type":"WebPage","@id":"https:\/\/avant-age.live\/produkt\/cabiline-praxiswagen-2-tablare-breit\/","url":"https:\/\/avant-age.live\/produkt\/cabiline-praxiswagen-2-tablare-breit\/","name":"CabiLine Trolley mit 3 breiten Tablaren - Ger\u00e4tewagen","isPartOf":{"@id":"https:\/\/avant-age.live\/#website"},"primaryImageOfPage":{"@id":"https:\/\/avant-age.live\/produkt\/cabiline-praxiswagen-2-tablare-breit\/#primaryimage"},"image":{"@id":"https:\/\/avant-age.live\/produkt\/cabiline-praxiswagen-2-tablare-breit\/#primaryimage"},"thumbnailUrl":"https:\/\/avant-age.live\/wp-content\/uploads\/2025\/10\/cabiline-2-tablare-breit-631-1000x1000-1.webp","datePublished":"2025-10-10T08:56:54+00:00","dateModified":"2026-04-29T12:08:13+00:00","description":"Der CabiLine mit 3 breiten Tablaren ist ein praktischer und vielseitiger Ger\u00e4tewagen mit viel Staurraum. Ein Praxiswagen, der in jede Ecke passt.","breadcrumb":{"@id":"https:\/\/avant-age.live\/produkt\/cabiline-praxiswagen-2-tablare-breit\/#breadcrumb"},"inLanguage":"fr-FR","potentialAction":[{"@type":"ReadAction","target":["https:\/\/avant-age.live\/produkt\/cabiline-praxiswagen-2-tablare-breit\/"]}]},{"@type":"ImageObject","inLanguage":"fr-FR","@id":"https:\/\/avant-age.live\/produkt\/cabiline-praxiswagen-2-tablare-breit\/#primaryimage","url":"https:\/\/avant-age.live\/wp-content\/uploads\/2025\/10\/cabiline-2-tablare-breit-631-1000x1000-1.webp","contentUrl":"https:\/\/avant-age.live\/wp-content\/uploads\/2025\/10\/cabiline-2-tablare-breit-631-1000x1000-1.webp","width":1000,"height":1000},{"@type":"BreadcrumbList","@id":"https:\/\/avant-age.live\/produkt\/cabiline-praxiswagen-2-tablare-breit\/#breadcrumb","itemListElement":[{"@type":"ListItem","position":1,"name":"Home","item":"https:\/\/avant-age.live\/"},{"@type":"ListItem","position":2,"name":"Shop","item":"https:\/\/avant-age.live\/shop\/"},{"@type":"ListItem","position":3,"name":"CabiLine | 2 Tablare | breit"}]},{"@type":"WebSite","@id":"https:\/\/avant-age.live\/#website","url":"https:\/\/avant-age.live\/","name":"\u00c9quipements MTR","description":"","potentialAction":[{"@type":"SearchAction","target":{"@type":"EntryPoint","urlTemplate":"https:\/\/avant-age.live\/?s={search_term_string}"},"query-input":{"@type":"PropertyValueSpecification","valueRequired":true,"valueName":"search_term_string"}}],"inLanguage":"fr-FR"}]}},"_links":{"self":[{"href":"https:\/\/avant-age.live\/fr\/wp-json\/wp\/v2\/product\/5572","targetHints":{"allow":["GET"]}}],"collection":[{"href":"https:\/\/avant-age.live\/fr\/wp-json\/wp\/v2\/product"}],"about":[{"href":"https:\/\/avant-age.live\/fr\/wp-json\/wp\/v2\/types\/product"}],"replies":[{"embeddable":true,"href":"https:\/\/avant-age.live\/fr\/wp-json\/wp\/v2\/comments?post=5572"}],"wp:featuredmedia":[{"embeddable":true,"href":"https:\/\/avant-age.live\/fr\/wp-json\/wp\/v2\/media\/5575"}],"wp:attachment":[{"href":"https:\/\/avant-age.live\/fr\/wp-json\/wp\/v2\/media?parent=5572"}],"wp:term":[{"taxonomy":"product_sec","embeddable":true,"href":"https:\/\/avant-age.live\/fr\/wp-json\/wp\/v2\/product_sec?post=5572"},{"taxonomy":"product_area","embeddable":true,"href":"https:\/\/avant-age.live\/fr\/wp-json\/wp\/v2\/product_area?post=5572"},{"taxonomy":"product_typ","embeddable":true,"href":"https:\/\/avant-age.live\/fr\/wp-json\/wp\/v2\/product_typ?post=5572"},{"taxonomy":"product_avbl","embeddable":true,"href":"https:\/\/avant-age.live\/fr\/wp-json\/wp\/v2\/product_avbl?post=5572"},{"taxonomy":"versand-ver","embeddable":true,"href":"https:\/\/avant-age.live\/fr\/wp-json\/wp\/v2\/versand-ver?post=5572"},{"taxonomy":"product_brand","embeddable":true,"href":"https:\/\/avant-age.live\/fr\/wp-json\/wp\/v2\/product_brand?post=5572"},{"taxonomy":"product_cat","embeddable":true,"href":"https:\/\/avant-age.live\/fr\/wp-json\/wp\/v2\/product_cat?post=5572"},{"taxonomy":"product_tag","embeddable":true,"href":"https:\/\/avant-age.live\/fr\/wp-json\/wp\/v2\/product_tag?post=5572"}],"curies":[{"name":"wp","href":"https:\/\/api.w.org\/{rel}","templated":true}]}}

CabiLine | 2 étagères | large

<h5>CabiLine Praxiswagen mit 2 Tablaren | breit</h5>
<p>Der CabiLine Praxiswagen mit zwei breiten Tablaren ist eine praktische und vielseitige Lösung für den Einsatz in Praxis, Kosmetik und Therapie. Dank seiner kompakten Bauweise passt er auch in kleinere Räume und bietet gleichzeitig ausreichend Ablagefläche für Geräte und Arbeitsmaterialien.</p>
<h6>Praxiswagen mit zwei grosszügigen Tablaren</h6>
<p>Die zwei breiten Tablare bieten genügend Platz für Geräte, Produkte und Zubehör und unterstützen einen strukturierten Arbeitsablauf.</p>
<h6>Mobile et sûr en opération</h6>
<p>Die grossen Leichtlaufrollen ermöglichen ein einfaches Verschieben des Wagens. Dank integrierter Bremsfunktion steht der Praxiswagen sicher am gewünschten Einsatzort.</p>
<h6>Flexibel erweiterbar</h6>
<p>Der Wagen kann optional mit einer Schublade ergänzt werden. Diese ist nicht im Standard-Lieferumfang enthalten.</p>
<h6>Livraison</h6>
<p>La livraison est effectuée non montée. Une livraison montée est possible en option.</p>

<p>CabiLine Praxiswagen mit 2 Tablaren | breit Der CabiLine Praxiswagen mit zwei breiten Tablaren ist eine praktische und vielseitige Lösung für den Einsatz in Praxis, Kosmetik und Therapie. Dank seiner kompakten Bauweise passt er auch in kleinere Räume und bietet gleichzeitig ausreichend Ablagefläche für Geräte und Arbeitsmaterialien. Praxiswagen mit zwei grosszügigen Tablaren Die zwei breiten [&hellip;]</p>

<!-- This site is optimized with the Yoast SEO plugin v28.2 - https://yoast.com/product/yoast-seo-wordpress/ -->
<title>CabiLine Trolley mit 3 breiten Tablaren - Gerätewagen</title>
<meta name="description" content="Der CabiLine mit 3 breiten Tablaren ist ein praktischer und vielseitiger Gerätewagen mit viel Staurraum. Ein Praxiswagen, der in jede Ecke passt." />
<meta name="robots" content="index, follow, max-snippet:-1, max-image-preview:large, max-video-preview:-1" />
<link rel="canonical" href="https://avant-age.live/fr/produit/cabiline-praxiswagen-2-tablare-breit/" />
<meta property="og:locale" content="fr_FR" />
<meta property="og:type" content="article" />
<meta property="og:title" content="CabiLine Trolley mit 3 breiten Tablaren - Gerätewagen" />
<meta property="og:description" content="Der CabiLine mit 3 breiten Tablaren ist ein praktischer und vielseitiger Gerätewagen mit viel Staurraum. Ein Praxiswagen, der in jede Ecke passt." />
<meta property="og:url" content="https://avant-age.live/fr/produit/cabiline-praxiswagen-2-tablare-breit/" />
<meta property="og:site_name" content="MTR Equipments" />
<meta property="article:modified_time" content="2026-04-29T12:08:13+00:00" />
<meta property="og:image" content="https://avant-age.live/wp-content/uploads/2025/10/cabiline-2-tablare-breit-631-1000x1000-1.webp" />
	<meta property="og:image:width" content="1000" />
	<meta property="og:image:height" content="1000" />
	<meta property="og:image:type" content="image/webp" />
<meta name="twitter:card" content="summary_large_image" />
<meta name="twitter:label1" content="Durée de lecture estimée" />
	<meta name="twitter:data1" content="1 minute" />
<script type="application/ld+json" class="yoast-schema-graph">{"@context":"https:\/\/schema.org","@graph":[{"@type":"WebPage","@id":"https:\/\/avant-age.live\/produkt\/cabiline-praxiswagen-2-tablare-breit\/","url":"https:\/\/avant-age.live\/produkt\/cabiline-praxiswagen-2-tablare-breit\/","name":"CabiLine Trolley mit 3 breiten Tablaren - Gerätewagen","isPartOf":{"@id":"https:\/\/avant-age.live\/#website"},"primaryImageOfPage":{"@id":"https:\/\/avant-age.live\/produkt\/cabiline-praxiswagen-2-tablare-breit\/#primaryimage"},"image":{"@id":"https:\/\/avant-age.live\/produkt\/cabiline-praxiswagen-2-tablare-breit\/#primaryimage"},"thumbnailUrl":"https:\/\/avant-age.live\/wp-content\/uploads\/2025\/10\/cabiline-2-tablare-breit-631-1000x1000-1.webp","datePublished":"2025-10-10T08:56:54+00:00","dateModified":"2026-04-29T12:08:13+00:00","description":"Der CabiLine mit 3 breiten Tablaren ist ein praktischer und vielseitiger Gerätewagen mit viel Staurraum. Ein Praxiswagen, der in jede Ecke passt.","breadcrumb":{"@id":"https:\/\/avant-age.live\/produkt\/cabiline-praxiswagen-2-tablare-breit\/#breadcrumb"},"inLanguage":"fr-FR","potentialAction":[{"@type":"ReadAction","target":["https:\/\/avant-age.live\/produkt\/cabiline-praxiswagen-2-tablare-breit\/"]}]},{"@type":"ImageObject","inLanguage":"fr-FR","@id":"https:\/\/avant-age.live\/produkt\/cabiline-praxiswagen-2-tablare-breit\/#primaryimage","url":"https:\/\/avant-age.live\/wp-content\/uploads\/2025\/10\/cabiline-2-tablare-breit-631-1000x1000-1.webp","contentUrl":"https:\/\/avant-age.live\/wp-content\/uploads\/2025\/10\/cabiline-2-tablare-breit-631-1000x1000-1.webp","width":1000,"height":1000},{"@type":"BreadcrumbList","@id":"https:\/\/avant-age.live\/produkt\/cabiline-praxiswagen-2-tablare-breit\/#breadcrumb","itemListElement":[{"@type":"ListItem","position":1,"name":"Home","item":"https:\/\/avant-age.live\/"},{"@type":"ListItem","position":2,"name":"Shop","item":"https:\/\/avant-age.live\/shop\/"},{"@type":"ListItem","position":3,"name":"CabiLine | 2 Tablare | breit"}]},{"@type":"WebSite","@id":"https:\/\/avant-age.live\/#website","url":"https:\/\/avant-age.live\/","name":"MTR Equipments","description":"","potentialAction":[{"@type":"SearchAction","target":{"@type":"EntryPoint","urlTemplate":"https:\/\/avant-age.live\/?s={search_term_string}"},"query-input":{"@type":"PropertyValueSpecification","valueRequired":true,"valueName":"search_term_string"}}],"inLanguage":"fr-FR"}]}</script>
<!-- / Yoast SEO plugin. -->

CabiLine Trolley mit 3 breiten Tablaren - Gerätewagen

Der CabiLine mit 3 breiten Tablaren ist ein praktischer und vielseitiger Gerätewagen mit viel Staurraum. Ein Praxiswagen, der in jede Ecke passt.

Équipements MTR
